{"id":33,"date":"2023-02-22T16:20:38","date_gmt":"2023-02-22T16:20:38","guid":{"rendered":"https:\/\/em-nutrizione.com\/home\/?page_id=33"},"modified":"2025-01-25T08:52:47","modified_gmt":"2025-01-25T08:52:47","slug":"dove-mi-trovo","status":"publish","type":"page","link":"https:\/\/em-nutrizione.com\/home\/dove-mi-trovo\/","title":{"rendered":"Dove mi trovo"},"content":{"rendered":"\n<p>Ricevo su appuntamento nei seguenti studi e con i seguenti giorni ed orari:<\/p>\n\n\n\n<p><strong>Zona Talenti:<\/strong> Luned\u00ec e gioved\u00ec, dalle 09:30 alle 19:00, studio privato<\/p>\n\n\n<p><iframe src=\"https:\/\/www.google.com\/maps\/embed?pb=!1m18!1m12!1m3!1d23738.860779879422!2d12.54521823624458!3d41.949653568913824!2m3!1f0!2f0!3f0!3m2!1i1024!2i768!4f13.1!3m3!1m2!1s0x132f646fbd90b627%3A0xb9340b0c8b138f75!2sVia%20Giovanni%20Verga%2C%2077%2C%2000137%20Roma%20RM!5e0!3m2!1sen!2sit!4v1677082747759!5m2!1sen!2sit\" width=\"600\" height=\"450\" style=\"border:0;\" allowfullscreen=\"\" loading=\"lazy\" referrerpolicy=\"no-referrer-when-downgrade\"><\/iframe><\/p>\n\n\n<p><\/p>\n\n\n\n<p><strong>Zona Casal De&#8217; Pazzi:<\/strong> Marted\u00ec dalle 09.30 alle 19.00 e mercoled\u00ec dalle 09:30 alle 13:00, studio privato<\/p>\n\n\n<p><iframe src=\"https:\/\/www.google.com\/maps\/embed?pb=!1m18!1m12!1m3!1d23744.32512541255!2d12.550842536244005!3d41.934978069833384!2m3!1f0!2f0!3f0!3m2!1i1024!2i768!4f13.1!3m3!1m2!1s0x132f6386e12857f7%3A0x7fc7aea220b8b7f6!2sVia%20Giovanni%20Battista%20Radice%2C%2018a%2C%2000156%20Roma%20RM!5e0!3m2!1sen!2sit!4v1677082786277!5m2!1sen!2sit\" width=\"600\" height=\"450\" style=\"border:0;\" allowfullscreen=\"\" loading=\"lazy\" referrerpolicy=\"no-referrer-when-downgrade\"><\/iframe><\/p>\n\n\n<p><\/p>\n\n\n\n<p><strong>Zona Ostiense:<\/strong> Mercoled\u00ec dalle 15:30 alle 19:30, presso il Centro Diagnostico Pigafetta<\/p>\n\n\n<p><iframe loading=\"lazy\" style=\"border: 0;\" src=\"https:\/\/www.google.com\/maps\/embed?pb=!1m18!1m12!1m3!1d23768.38301301139!2d12.46861013624142!3d41.87031637388173!2m3!1f0!2f0!3f0!3m2!1i1024!2i768!4f13.1!3m3!1m2!1s0x132f61d50fe86fc7%3A0x488f3138bee2044a!2sVia%20Francesco%20Antonio%20Pigafetta%2C%201%2C%2000154%20Roma%20RM!5e0!3m2!1sen!2sit!4v1677082822723!5m2!1sen!2sit\" width=\"600\" height=\"450\" allowfullscreen=\"allowfullscreen\"><\/iframe><\/p>\n<p><strong>Zona Collatina:<\/strong> Venerd\u00ec dalle 14:00 alle 19:30, presso il Centro Reform<\/p>\n<p><iframe loading=\"lazy\" style=\"border: 0;\" src=\"https:\/\/www.google.com\/maps\/embed?pb=!1m18!1m12!1m3!1d23757.12489188355!2d12.542886431646725!3d41.90058556400825!2m3!1f0!2f0!3f0!3m2!1i1024!2i768!4f13.1!3m3!1m2!1s0x132f63b29751c9a3%3A0x87477431213b3a9a!2sVia%20Herbert%20Spencer%2C%20198%2C%2000177%20Roma%20RM!5e0!3m2!1sen!2sit!4v1722177301942!5m2!1sen!2sit\" width=\"600\" height=\"450\" allowfullscreen=\"allowfullscreen\"><\/iframe><\/p>","protected":false},"excerpt":{"rendered":"<p>Ricevo su appuntamento nei seguenti studi e con i seguenti giorni ed orari: Zona Talenti: Luned\u00ec e gioved\u00ec, dalle 09:30 alle 19:00, studio privato Zona Casal De&#8217; Pazzi: Marted\u00ec dalle [&hellip;]<\/p>\n","protected":false},"author":1,"featured_media":0,"parent":0,"menu_order":0,"comment_status":"closed","ping_status":"closed","template":"","meta":{"footnotes":""},"_links":{"self":[{"href":"https:\/\/em-nutrizione.com\/home\/wp-json\/wp\/v2\/pages\/33"}],"collection":[{"href":"https:\/\/em-nutrizione.com\/home\/wp-json\/wp\/v2\/pages"}],"about":[{"href":"https:\/\/em-nutrizione.com\/home\/wp-json\/wp\/v2\/types\/page"}],"author":[{"embeddable":true,"href":"https:\/\/em-nutrizione.com\/home\/wp-json\/wp\/v2\/users\/1"}],"replies":[{"embeddable":true,"href":"https:\/\/em-nutrizione.com\/home\/wp-json\/wp\/v2\/comments?post=33"}],"version-history":[{"count":5,"href":"https:\/\/em-nutrizione.com\/home\/wp-json\/wp\/v2\/pages\/33\/revisions"}],"predecessor-version":[{"id":151,"href":"https:\/\/em-nutrizione.com\/home\/wp-json\/wp\/v2\/pages\/33\/revisions\/151"}],"wp:attachment":[{"href":"https:\/\/em-nutrizione.com\/home\/wp-json\/wp\/v2\/media?parent=33"}],"curies":[{"name":"wp","href":"https:\/\/api.w.org\/{rel}","templated":true}]}}